{"id":61,"date":"2017-03-01T22:58:22","date_gmt":"2017-03-01T21:58:22","guid":{"rendered":"http:\/\/hippohaff.lu\/wordpress\/?page_id=61"},"modified":"2022-12-17T04:36:43","modified_gmt":"2022-12-17T03:36:43","slug":"ueber-uns","status":"publish","type":"page","link":"https:\/\/hippohaff.lu\/wordpress\/ueber-uns\/","title":{"rendered":"\u00dcber uns"},"content":{"rendered":"<p><img loading=\"lazy\" decoding=\"async\" class=\"alignnone size-thumbnail wp-image-518\" src=\"https:\/\/hippohaff.lu\/wordpress\/wp-content\/uploads\/2021\/04\/8920E747-66BA-4271-ABB1-55FA2D3890CF-150x150.jpeg\" alt=\"\" width=\"150\" height=\"150\"><br \/>\nMein Name ist Sarah Haas- van Gelder,<br \/>\nIch wurde am 21.01.1976 geboren.<br \/>\nLeiterin des P\u00e4dagogeschen Reithaff &#8222;A M\u00ebchels&#8220; in Flaxweiler<\/p>\n<p>Ich reite seit meinem 10. Lebensjahr und bekam 1995 mein erstes eigenes Pferd &#8222;Castel&#8220;.<br \/>\nEr war mein erstes Therapiepferd und lief bis zu seinem 28. Lebensjahr immer ganz brav dabei mit. Im stolzen Alter von 29 Jahren musste ich ihn leider \u00fcber die Regenbogenbr\u00fccke schicken. Er wird immer in meinem Herzen bleiben und ich bin ihm ewig dankbar f\u00fcr die wundervollen Jahre mit ihm \u2665\ufe0f&nbsp;<br \/>\nMittlerweile besitze ich zusammen mit meinem Mann und meiner Tochter 8 Pferde.<\/p>\n<blockquote><p>Mein Beruf :&nbsp; diplomierte Erzieherin<br \/>\nZusatzqualifikationen : Hippop\u00e4dagogin, Agrarp\u00e4dagogin<\/p><\/blockquote>\n<p>Ich habe von 2000-2006 in einem Heim f\u00fcr behinderte Menschen gearbeitet<br \/>\n2001: Lehrgang f\u00fcr Reittherapie in Louvain-la-Neuve (B)<br \/>\n2002: 1 Woche Lehrgang &#8222;Tourisme \u00e9questre et handicap&#8220; in S\u00fcdfrankreich<br \/>\n2003: Zusatzqualifikation als Hippop\u00e4dagogin im Allg\u00e4u beim Fortbildungszentrum bewegende Pferde. Dies erstreckte sich \u00fcber mehr als ein Jahr.<br \/>\n2004: Seminar bei Monika Mehlem, Grundz\u00fcge k\u00f6rperorientierter Psychotherapie am Pferd<br \/>\n2011: Qualifikation als Agrarp\u00e4dagogin mit Christine Hamester-Koch zertifiziert durch die Landwirtschaftskammer Schleswig-Holstein<\/p>\n<p>2012: Lehrgang Grundz\u00fcge k\u00f6rperorientierter Psychotherapie am Pferd bei Monika Mehlem<\/p>\n<p>2014: Seminar &#8222;Sonderp\u00e4dagogik auf dem Bauernhof&#8220; mit Kerstin Bullack<\/p>\n<p>2016: Seminar Tellington Touch mit Anke Recktenwald<\/p>\n<p>2018: Weiterbildung als M\u00e4rchen und Geschichtenerz\u00e4hlerin bei Karin Ulex<\/p>\n<p>Seit dem Jahr 2000 arbeite ich praktisch im Bereich der Reittherapie.<\/p>\n<p>Regelm\u00e4ssig nehme ich an Fortbildungsseminaren teil.<\/p>\n<p>Ich bin Mutter von 2 Kindern.<\/p>\n<p>Mein Motto:<br \/>\n&#8222;Erst wenn man weiss was man tut, kann man tun was man will&#8220; (M.Feldenkreis)<\/p>\n<p>________________________________________________________________<\/p>\n<p>&nbsp;<\/p>\n<p><a href=\"https:\/\/hippohaff.lu\/wordpress\/wp-content\/uploads\/2011\/05\/iphone-377.jpg\"><img loading=\"lazy\" decoding=\"async\" class=\"alignleft wp-image-409 size-thumbnail\" src=\"https:\/\/hippohaff.lu\/wordpress\/wp-content\/uploads\/2011\/05\/iphone-377-150x150.jpg\" alt=\"iphone 377\" width=\"150\" height=\"150\"><\/a><\/p>\n<p>Name: Jean-Paul Haas , geb. 1970<\/p>\n<p>Eigent\u00fcmer des Hofes, Vater von 2 Kindern<\/p>\n<p>Berufsausbildung: Landwirt<\/p>\n<p>Jean-Paul ist Landwirt aus Leidenschaft und ein toller Familienvater. Er ist immer&nbsp;anwesend wenn Gruppen unseren Hof besuchen und stets f\u00fcr alle Fragen hinsichtlich der Landwirtschaft offen.<\/p>\n<p>2005 hat er den seit mehreren Generationen gef\u00fchrten Familienbetrieb \u00fcbernommen. Er ist f\u00fcr die Milchk\u00fche, Jungviehaufzucht und Bullenmast, sowie f\u00fcr den Getreideanbau, Maisanbau und Landschaftspflege&nbsp;zust\u00e4ndig. Zudem k\u00fcmmert er sich um die Instandhaltung des Betriebes. Da er seit vielen Jahren Pferdez\u00fcchter ist, hat er in diesem Bereich auch einige Erfahrung.<\/p>\n<p>Ohne ihn w\u00e4re dies alles hier nicht m\u00f6glich&#8230;<\/p>\n","protected":false},"excerpt":{"rendered":"<p>Mein Name ist Sarah Haas- van Gelder, Ich wurde am 21.01.1976 geboren. Leiterin des P\u00e4dagogeschen Reithaff &#8222;A M\u00ebchels&#8220; in Flaxweiler Ich reite seit meinem 10. Lebensjahr und bekam 1995 mein erstes eigenes Pferd &#8222;Castel&#8220;. Er war mein erstes Therapiepferd und lief bis zu seinem 28. Lebensjahr immer ganz brav dabei mit. Im stolzen Alter von [&hellip;]<\/p>\n","protected":false},"author":2,"featured_media":0,"parent":0,"menu_order":0,"comment_status":"closed","ping_status":"closed","template":"","meta":{"ngg_post_thumbnail":0,"footnotes":""},"class_list":["post-61","page","type-page","status-publish","hentry"],"_links":{"self":[{"href":"https:\/\/hippohaff.lu\/wordpress\/wp-json\/wp\/v2\/pages\/61","targetHints":{"allow":["GET"]}}],"collection":[{"href":"https:\/\/hippohaff.lu\/wordpress\/wp-json\/wp\/v2\/pages"}],"about":[{"href":"https:\/\/hippohaff.lu\/wordpress\/wp-json\/wp\/v2\/types\/page"}],"author":[{"embeddable":true,"href":"https:\/\/hippohaff.lu\/wordpress\/wp-json\/wp\/v2\/users\/2"}],"replies":[{"embeddable":true,"href":"https:\/\/hippohaff.lu\/wordpress\/wp-json\/wp\/v2\/comments?post=61"}],"version-history":[{"count":11,"href":"https:\/\/hippohaff.lu\/wordpress\/wp-json\/wp\/v2\/pages\/61\/revisions"}],"predecessor-version":[{"id":577,"href":"https:\/\/hippohaff.lu\/wordpress\/wp-json\/wp\/v2\/pages\/61\/revisions\/577"}],"wp:attachment":[{"href":"https:\/\/hippohaff.lu\/wordpress\/wp-json\/wp\/v2\/media?parent=61"}],"curies":[{"name":"wp","href":"https:\/\/api.w.org\/{rel}","templated":true}]}}