{"id":20,"date":"2017-03-01T22:31:01","date_gmt":"2017-03-01T21:31:01","guid":{"rendered":"http:\/\/hippohaff.lu\/wordpress\/?page_id=20"},"modified":"2025-09-10T15:13:40","modified_gmt":"2025-09-10T13:13:40","slug":"hippopaedagogik","status":"publish","type":"page","link":"https:\/\/hippohaff.lu\/wordpress\/hippopaedagogik\/","title":{"rendered":"Hippop\u00e4dagogik"},"content":{"rendered":"<p><span style=\"text-decoration: underline;\">DEFINITION HIPPOP\u00c4DAGOGIK: <\/span><\/p>\n<p><a href=\"https:\/\/hippohaff.lu\/wordpress\/wp-content\/uploads\/2011\/05\/hippopad.jpg\"><img loading=\"lazy\" decoding=\"async\" class=\"alignleft size-full wp-image-58\" title=\"Hippop\u00e4dagogik\" src=\"https:\/\/hippohaff.lu\/wordpress\/wp-content\/uploads\/2011\/05\/hippopad.jpg\" alt=\"\" width=\"94\" height=\"65\" \/><\/a><\/p>\n<p>Hippop\u00e4dagogik benutzt das handlungsorientierte Konzept der \u201eMotop\u00e4dagogik\u201c (=Erziehung durch Bewegung), um durch den Einsatz des Pferdes positiv unterst\u00fctzend und begleitend auf die Pers\u00f6nlichkeitsentwicklung von Menschen zu wirken.<\/p>\n<p>Grunds\u00e4tzlich ist Hippop\u00e4dagogik kein therapeutischer, sondern vielmehr ein p\u00e4dagogischer Ansatz, der allerdings durchaus im therapeutischen Bereich Verwendung finden kann. Die verschiedenen Wahrnehmungs -und Bewegungsm\u00f6glichkeiten mit dem Pferd stehen im Vordergrund. Es wird nicht an den Schw\u00e4chen des Teilnehmers sondern an den St\u00e4rken angesetzt.<\/p>\n<p>Soweit es die Belastbarkeit des Pferdes erlaubt wird immer auf die Bed\u00fcrfnisse des Klienten eingegangen.<\/p>\n<p>Die Hippop\u00e4dagogik wurde als Marke beim Patentamt in M\u00fcnchen eingetragen. Diese Qualifikation kann man nur im Allg\u00e4u beim Fortbildungszentrum bewegende lPferde absolvieren.<\/p>\n<p><span style=\"text-decoration: underline;\">ZIELGRUPPEN:<\/span><\/p>\n<p>&#8211;\u00a0\u00a0\u00a0\u00a0\u00a0\u00a0\u00a0\u00a0\u00a0 geistig und motorisch behinderte Kinder, Jungendliche und Erwachsene<\/p>\n<p>&#8211;\u00a0\u00a0\u00a0\u00a0\u00a0\u00a0\u00a0\u00a0\u00a0 lernbehinderte Kinder<\/p>\n<p>&#8211;\u00a0\u00a0\u00a0\u00a0\u00a0\u00a0\u00a0\u00a0\u00a0 Verhaltensauf\u00e4llige Menschen<\/p>\n<p>&#8211;\u00a0\u00a0\u00a0\u00a0\u00a0\u00a0\u00a0\u00a0\u00a0 Kinder im Alter von 3 bis 6 Jahren welche durch das Pferd eine Bewegungserziehung erleben<\/p>\n<p><span style=\"text-decoration: underline;\">INDIKATIONEN\/ZIELSETZUNG:<\/span><\/p>\n<p>&#8211;\u00a0\u00a0\u00a0\u00a0\u00a0\u00a0\u00a0\u00a0 F\u00f6rderung des psychomotorischen Bereiches<\/p>\n<p>&#8211;\u00a0\u00a0\u00a0\u00a0\u00a0\u00a0\u00a0\u00a0\u00a0 F\u00f6rderung der Wahrnehmung und des Gleichgewichts<\/p>\n<p>&#8211;\u00a0\u00a0\u00a0\u00a0\u00a0\u00a0\u00a0\u00a0\u00a0 F\u00f6rderung der Konzentration<\/p>\n<p>&#8211;\u00a0\u00a0\u00a0\u00a0\u00a0\u00a0\u00a0\u00a0\u00a0 Bildung und Aufbau von Vertrauen<\/p>\n<p>&#8211;\u00a0\u00a0\u00a0\u00a0\u00a0\u00a0\u00a0\u00a0\u00a0 Steigerung des Selbstwertgef\u00fchls<\/p>\n<p>&#8211;\u00a0\u00a0\u00a0\u00a0\u00a0\u00a0\u00a0\u00a0\u00a0 Agressivit\u00e4tsabbau<\/p>\n<p>&#8211;\u00a0\u00a0\u00a0\u00a0\u00a0\u00a0\u00a0\u00a0\u00a0 Einstellung auf einen oder mehrere Partner(in einer Gruppe zusammenarbeiten)<\/p>\n<p>&#8211;\u00a0\u00a0\u00a0\u00a0\u00a0\u00a0\u00a0\u00a0\u00a0 Stimulation des emotionalen Bereiches<\/p>\n<p><em>TARIFE HIPPOP\u00c4DAGOGIK \u00a0<strong>MIT<\/strong> Zehnerkarte<\/em><\/p>\n<p>Einzeleinheit : 30 Minuten: 38\u20ac<\/p>\n<p>Einzeleinheit: 40 Minuten :50\u20ac<\/p>\n<p>2er Gruppe: 50 Minuten: 38\u20ac\/Person<\/p>\n<p style=\"text-align: left;\"><!--more--><\/p>\n<p><em>Ohne Zehnerkarte kosten die Einheiten jeweils 2\u20ac mehr<\/em><\/p>\n","protected":false},"excerpt":{"rendered":"<p>DEFINITION HIPPOP\u00c4DAGOGIK: Hippop\u00e4dagogik benutzt das handlungsorientierte Konzept der \u201eMotop\u00e4dagogik\u201c (=Erziehung durch Bewegung), um durch den Einsatz des Pferdes positiv unterst\u00fctzend und begleitend auf die Pers\u00f6nlichkeitsentwicklung von Menschen zu wirken. Grunds\u00e4tzlich ist Hippop\u00e4dagogik kein therapeutischer, sondern vielmehr ein p\u00e4dagogischer Ansatz, der allerdings durchaus im therapeutischen Bereich Verwendung finden kann. Die verschiedenen Wahrnehmungs -und Bewegungsm\u00f6glichkeiten mit dem [&hellip;]<\/p>\n","protected":false},"author":2,"featured_media":0,"parent":0,"menu_order":0,"comment_status":"closed","ping_status":"closed","template":"","meta":{"ngg_post_thumbnail":0,"footnotes":""},"class_list":["post-20","page","type-page","status-publish","hentry"],"_links":{"self":[{"href":"https:\/\/hippohaff.lu\/wordpress\/wp-json\/wp\/v2\/pages\/20","targetHints":{"allow":["GET"]}}],"collection":[{"href":"https:\/\/hippohaff.lu\/wordpress\/wp-json\/wp\/v2\/pages"}],"about":[{"href":"https:\/\/hippohaff.lu\/wordpress\/wp-json\/wp\/v2\/types\/page"}],"author":[{"embeddable":true,"href":"https:\/\/hippohaff.lu\/wordpress\/wp-json\/wp\/v2\/users\/2"}],"replies":[{"embeddable":true,"href":"https:\/\/hippohaff.lu\/wordpress\/wp-json\/wp\/v2\/comments?post=20"}],"version-history":[{"count":9,"href":"https:\/\/hippohaff.lu\/wordpress\/wp-json\/wp\/v2\/pages\/20\/revisions"}],"predecessor-version":[{"id":654,"href":"https:\/\/hippohaff.lu\/wordpress\/wp-json\/wp\/v2\/pages\/20\/revisions\/654"}],"wp:attachment":[{"href":"https:\/\/hippohaff.lu\/wordpress\/wp-json\/wp\/v2\/media?parent=20"}],"curies":[{"name":"wp","href":"https:\/\/api.w.org\/{rel}","templated":true}]}}